Let h be ((-56)/g)/(v/(-27)). What is the highest common divisor of h and 180?
36
Suppose 55*i + 978 = 2848. Calculate the greatest common divisor of i and 5882.
34
Suppose 34 = 5*n - 1. Let g(w) = 9*w**2 + w. Let b be g(-1). Suppose -15 = -y - b. What is the highest common divisor of y and n?
7
Let d(v) = -v**3 + 23*v**2 + 2*v - 40. Let x be d(23). Suppose x*h - 12*h = -540. What is the highest common divisor of h and 30?
30
Let t(y) = 16 - 16 - 2*y**3 - 4 + 11*y + 17*y**2. Suppose 0 = 2*x + 1 - 19. Let d be t(x). Calculate the highest common factor of 35 and d.
7
Let v = 180 - 164. Suppose -2*x + v = -10. What is the highest common divisor of x and 65?
13
Let a be 2/((-9)/((-6867)/2)). Calculate the greatest common factor of a and 872.
109
Suppose -2*b = 5*a + 40, -4*b = 2*a - 0*b. Let t be (2/1)/a*-5 - -69. What is the highest common factor of t and 50?
10
Let v be (6 + -1)*(-12)/(-10). Let f be (427020/(-22645))/(2/5*(-10)/14). Calculate the greatest common factor of v and f.
6
Suppose 108*s - 509 - 1414 - 993 = 0. What is the greatest common factor of s and 6939?
27
Let v = -963 + 971. Suppose -7*h + 4*h = -384. Calculate the highest common divisor of h and v.
8
Suppose 2*t = -1 + 5. Suppose 22*m - 117 = -117. Suppose -5*r + 20 = 2*k - m, -5*k - 25 = 0. What is the greatest common divisor of r and t?
2
Let i = 3368 + -3028. What is the highest common factor of 442 and i?
34
Suppose m + m = 3*m. Suppose -3*u + 125 - 50 = m. Suppose -u = 32*z - 37*z. Calculate the greatest common factor of z and 45.
5
Let u(z) = z**2 + 8*z - 27. Let h be u(-10). Let i be (h/28)/((-3)/276). What is the greatest common factor of i and 414?
23
Let o = -7644 + 7894. What is the highest common factor of 40 and o?
10
Let t be (1 + 2394/(-7))*1. Let z = t + 351. Calculate the greatest common factor of 70 and z.
10
Let f(i) = 0*i + 4 + 8 + 20*i. Let s be f(4). Let p(b) = -b**2 + b + 23. Let o be p(0). Calculate the greatest common divisor of s and o.
23
Let w be (18/(-21))/((-12)/56). Let q(y) = -9*y - 2*y - y**2 + w*y + 10 + y. Let l be q(-7). What is the highest common factor of 12 and l?
3
Let b = 3660 - 1135. Calculate the highest common factor of b and 202.
101
Let k = -26382 - -26392. Suppose 2*i - 20 = 160. Calculate the highest common divisor of k and i.
10
Let m = -18758 + 28147. Calculate the greatest common factor of m and 229.
229
Suppose 0 = -57*p + 25*p + 1183 - 319. What is the greatest common divisor of 117 and p?
9
Let r(h) = h**3 + 93*h**2 + 94*h + 190. Let m be r(-92). Calculate the highest common factor of 2778 and m.
6
Suppose -11 + 16 = m. Suppose -m*y - 5*l - 140 = -0*l, 4*y + 3*l + 107 = 0. Let a = y - -27. Calculate the highest common divisor of a and 20.
4
Let d(h) = -997*h**2 + 7*h + 20. Let p be d(-4). Let w be p/(-72) + 10/(-6). What is the highest common factor of 44 and w?
44
Let n = -7232 - -9138. Calculate the greatest common divisor of 2 and n.
2
Let a(h) = -9*h**3 - 29*h**2 - 2*h - 42. Let x be a(-5). Calculate the greatest common factor of 5336 and x.
184
Let x = 1898 - 1884. Calculate the greatest common factor of x and 2646.
14
Suppose -48060 = -911*m + 901*m. Calculate the highest common factor of 54 and m.
54
Let p be (2 - 0) + (3 - 19 - -26). What is the highest common factor of p and 6348?
12
Let z(s) = -s**3 + 122*s**2 - 117*s - 428. Let f be z(121). What is the greatest common factor of 5516 and f?
28
Suppose 15*d - 16*d + 1835 = 4*q, -2*d - 2*q + 3682 = 0. What is the highest common divisor of 57 and d?
19
Suppose 0 = 2932*c - 2929*c - 2*z - 300, 2*z = -3*c + 276. Calculate the greatest common factor of 906 and c.
6
Let y be (1 - 163)*(3 - 52/12). What is the greatest common factor of 528 and y?
24
Suppose 17*u - 19*u + h = -1059, -5*h = -4*u + 2103. What is the highest common factor of 57 and u?
19
Let x(d) = 22*d**2 - 289*d + 3460. Let q be x(12). What is the highest common divisor of 480 and q?
40
Let a be 66/((150/215)/(-6))*60/(-24). What is the highest common factor of a and 86?
43
Let b = 820 - 781. Calculate the highest common divisor of 4017 and b.
39
Suppose 19*s + 24168 - 26619 = 0. What is the greatest common factor of 3397 and s?
43
Suppose -k + 4*d = -1079, -331*d = 5*k - 335*d - 5379. What is the highest common divisor of 775 and k?
25
Let t be (18/21)/((-37)/(-3108)). What is the greatest common factor of t and 3204?
36
Suppose 0 = 9*x - 24 - 57. Suppose 10*v - 3 = x*v. Suppose -g = 5*y - 231, -v*g + 4*y + 462 = -g. Calculate the highest common divisor of 33 and g.
33
Let i be (4/10 + 0)*(-354525)/(-978). Calculate the highest common factor of 377 and i.
29
Let n be -5 + 3 + (-196)/(-2). Suppose -7*r + 862 + 97 = 0. Suppose -135*q - 480 = -r*q. What is the highest common divisor of n and q?
48
Let g be ((-16)/(-24))/((-1)/(-6)). Let u be 234 - 15 - (-1 + 0 + g). What is the highest common factor of 27 and u?
27
Let m(f) = -4*f + 3. Let o be m(-6). Let a = -54 + 57. Suppose -5*w + 2*w = -2*r - 808, -4*w + a*r = -1077. What is the greatest common factor of o and w?
27
Let k(x) = x**3 + 4*x**2 - x - 5. Let q be k(-4). Let n be q/3*4*-3. Suppose 101*p - 415 - 491 = 710. Calculate the greatest common factor of n and p.
4
Suppose -4*d + 256 = 104*w - 100*w, 4*w + 140 = 2*d. Calculate the greatest common factor of d and 378.
6
Suppose 65*c - 3320 - 1082 = -6*c. Calculate the highest common divisor of 899 and c.
31
Suppose -9*c + 30*c = -924. Let d be (-121)/c*4*11. Calculate the highest common divisor of d and 33.
11
Let q be (-8 + 0)/(8/(-20)). Let c = -32 - 160. Let f be (6/9 + c/18)*-10. What is the highest common factor of f and q?
20
Let p(t) = -29*t**2 + 280*t - 42. Let j be p(9). What is the greatest common divisor of j and 24?
3
Let x(a) = 16*a**2 - 296*a + 1809. Let h be x(6). Calculate the greatest common divisor of h and 63.
21
Suppose -3*a + 39 = b, 12 = 3*b + b. Suppose -3*c - 5*y = 11 + 8, -36 = 5*c + 4*y. Let t = a + c. Calculate the highest common divisor of t and 12.
4
Suppose 0 = 5*r + 3*r - 1600. Let f = r - 146. What is the greatest common factor of 36 and f?
18
Suppose 0 = 3*g - 6*g. Suppose g = x + 186 - 591. Let h be (2/3)/(214/14445). What is the highest common factor of x and h?
45
Suppose 31*t + 8*t + 86*t = 10500. Calculate the greatest common factor of 266 and t.
14
Let f(w) = -22*w - 302. Let u be f(-21). What is the greatest common divisor of 90 and u?
10
Let l = 132 - 40. Let j = 107 - l. What is the greatest common divisor of j and 45?
15
Suppose t - 985 = r - 146, -r = -5*t + 4203. Suppose -23*o - t = -10409. What is the highest common factor of 52 and o?
52
Suppose -4*s = 5*r - 3834, -3*s - 4*r + 2301 + 574 = 0. Let f = s + -939. Suppose 0*w + 4*w - 7 = a, -4*a = -4. Calculate the highest common divisor of f and w.
2
Suppose 4*s - 46 = -4*o + 510, 5*s - 281 = -2*o. What is the highest common divisor of 12351 and o?
69
Let q(m) = m**3 - 25*m**2 + 119*m - 93. Let p be q(19). Let k(l) = -l**3 - 5*l**2 - 2*l - 2. Let a be k(-6). Calculate the greatest common factor of p and a.
2
Let d be -2 - (-1)/(((-21)/(-280))/3). What is the greatest common divisor of d and 4066?
38
Let r(f) = -f**3 + f - 14. Suppose -4*w + 13 = 5. Let i(z) = -z**3 - 1. Let t(o) = w*i(o) - r(o). Let j be t(0). What is the greatest common factor of j and 24?
12
Let s(r) = r**3 - 11*r**2 - 73*r - 50. Let n be s(20). What is the highest common factor of 30 and n?
10
Let c = -79 - -77. Let s be 492/27 + ((-20)/9 - c). Suppose -17*d + s*d = 24. What is the highest common factor of d and 8?
8
Suppose 33139 = 14*l - 7403 + 10526. Calculate the greatest common divisor of l and 402.
134
Let b be (-5 + 2)*((17 - 10) + -37). What is the greatest common factor of 333 and b?
9
Suppose -3202 = -13*t + 5326. Calculate the greatest common factor of t and 4018.
82
Let p(l) = -2*l + 1706. Let u be p(-35). Calculate the greatest common divisor of u and 48.
48
Let c be 0 - 4/(-30) - 17319/(-45). Suppose -4*u - w + 568 = 0, -3*w + c + 191 = 4*u. Calculate the highest common divisor of u and 6.
3
Suppose q - 6 - 4 = -2*l, 18 = 3*l + 3*q. Let y be -1*(4 + l/2). Let x be 11 - (y + -3 + 6). What is the greatest common factor of 112 and x?
14
Suppose 0 = -2*w - 0*w + 592. Let v = w - 58. Calculate the highest common factor of v and 